{"id":29,"date":"2022-08-13T16:41:38","date_gmt":"2022-08-13T14:41:38","guid":{"rendered":"http:\/\/www.aventures.thibaultfiacre.com\/?page_id=29"},"modified":"2022-08-28T04:04:49","modified_gmt":"2022-08-28T02:04:49","slug":"page-daccueil","status":"publish","type":"page","link":"https:\/\/www.aventures.thibaultfiacre.com\/","title":{"rendered":"Bienvenue !"},"content":{"rendered":"\n<p>Bienvenue sur notre site ou vous trouverez nos voyages et aventures \u00e0 travers le monde !<\/p>\n\n\n\n<div class=\"wp-block-columns is-layout-flex wp-container-core-columns-is-layout-9d6595d7 wp-block-columns-is-layout-flex\">\n<div class=\"wp-block-column vignette is-layout-flow wp-block-column-is-layout-flow\">\n<figure class=\"wp-block-image size-large vignette_image\"><img loading=\"lazy\" decoding=\"async\" width=\"1024\" height=\"683\" src=\"http:\/\/www.aventures.thibaultfiacre.com\/wp-content\/uploads\/2022\/08\/Main_photo_nouvellezelande-1024x683.jpeg\" alt=\"\" class=\"wp-image-208\" srcset=\"https:\/\/www.aventures.thibaultfiacre.com\/wp-content\/uploads\/2022\/08\/Main_photo_nouvellezelande-1024x683.jpeg 1024w, https:\/\/www.aventures.thibaultfiacre.com\/wp-content\/uploads\/2022\/08\/Main_photo_nouvellezelande-300x200.jpeg 300w, https:\/\/www.aventures.thibaultfiacre.com\/wp-content\/uploads\/2022\/08\/Main_photo_nouvellezelande-768x512.jpeg 768w, https:\/\/www.aventures.thibaultfiacre.com\/wp-content\/uploads\/2022\/08\/Main_photo_nouvellezelande-1536x1024.jpeg 1536w, https:\/\/www.aventures.thibaultfiacre.com\/wp-content\/uploads\/2022\/08\/Main_photo_nouvellezelande-2048x1365.jpeg 2048w, https:\/\/www.aventures.thibaultfiacre.com\/wp-content\/uploads\/2022\/08\/Main_photo_nouvellezelande-90x60.jpeg 90w\" sizes=\"auto, (max-width: 1024px) 100vw, 1024px\" \/><\/figure>\n\n\n\n<h3 class=\"has-text-align-center has-medium-font-size wp-block-heading\">Nouvelle Z\u00e9lande<\/h3>\n\n\n\n<h3 class=\"has-text-align-center has-medium-font-size wp-block-heading\"><strong>2018-2019<\/strong><\/h3>\n\n\n\n<div class=\"wp-block-buttons is-content-justification-center is-layout-flex wp-container-core-buttons-is-layout-16018d1d wp-block-buttons-is-layout-flex\">\n<div class=\"wp-block-button has-custom-font-size has-medium-font-size\"><a class=\"wp-block-button__link has-white-color has-text-color has-background\" href=\"http:\/\/www.aventures.thibaultfiacre.com\/index.php\/nouvelle-zelande\/\" style=\"background-color:#17a2b8\">En savoir plus<\/a><\/div>\n<\/div>\n<\/div>\n\n\n\n<div class=\"wp-block-column vignette is-layout-flow wp-block-column-is-layout-flow\">\n<figure class=\"wp-block-image size-large vignette_image\"><img loading=\"lazy\" decoding=\"async\" width=\"1024\" height=\"683\" src=\"http:\/\/www.aventures.thibaultfiacre.com\/wp-content\/uploads\/2022\/08\/Main_photo_australie-1024x683.jpeg\" alt=\"\" class=\"wp-image-206\" srcset=\"https:\/\/www.aventures.thibaultfiacre.com\/wp-content\/uploads\/2022\/08\/Main_photo_australie-1024x683.jpeg 1024w, https:\/\/www.aventures.thibaultfiacre.com\/wp-content\/uploads\/2022\/08\/Main_photo_australie-300x200.jpeg 300w, https:\/\/www.aventures.thibaultfiacre.com\/wp-content\/uploads\/2022\/08\/Main_photo_australie-768x512.jpeg 768w, https:\/\/www.aventures.thibaultfiacre.com\/wp-content\/uploads\/2022\/08\/Main_photo_australie-1536x1024.jpeg 1536w, https:\/\/www.aventures.thibaultfiacre.com\/wp-content\/uploads\/2022\/08\/Main_photo_australie-2048x1365.jpeg 2048w, https:\/\/www.aventures.thibaultfiacre.com\/wp-content\/uploads\/2022\/08\/Main_photo_australie-90x60.jpeg 90w\" sizes=\"auto, (max-width: 1024px) 100vw, 1024px\" \/><\/figure>\n\n\n\n<h2 class=\"has-text-align-center has-medium-font-size wp-block-heading\">Australie<\/h2>\n\n\n\n<h3 class=\"has-text-align-center has-medium-font-size wp-block-heading\"><strong>2019<\/strong><\/h3>\n\n\n\n<div class=\"wp-block-buttons is-content-justification-center is-layout-flex wp-container-core-buttons-is-layout-16018d1d wp-block-buttons-is-layout-flex\">\n<div class=\"wp-block-button has-custom-font-size has-medium-font-size\"><a class=\"wp-block-button__link has-white-color has-text-color has-background\" style=\"background-color:#17a2b8\">En savoir plus<\/a><\/div>\n<\/div>\n<\/div>\n\n\n\n<div class=\"wp-block-column vignette is-layout-flow wp-block-column-is-layout-flow\">\n<figure class=\"wp-block-image size-large vignette_image\"><img loading=\"lazy\" decoding=\"async\" width=\"1024\" height=\"683\" src=\"http:\/\/www.aventures.thibaultfiacre.com\/wp-content\/uploads\/2022\/08\/Main_photo_indonesie-1024x683.jpeg\" alt=\"\" class=\"wp-image-210\" srcset=\"https:\/\/www.aventures.thibaultfiacre.com\/wp-content\/uploads\/2022\/08\/Main_photo_indonesie-1024x683.jpeg 1024w, https:\/\/www.aventures.thibaultfiacre.com\/wp-content\/uploads\/2022\/08\/Main_photo_indonesie-300x200.jpeg 300w, https:\/\/www.aventures.thibaultfiacre.com\/wp-content\/uploads\/2022\/08\/Main_photo_indonesie-768x512.jpeg 768w, https:\/\/www.aventures.thibaultfiacre.com\/wp-content\/uploads\/2022\/08\/Main_photo_indonesie-1536x1024.jpeg 1536w, https:\/\/www.aventures.thibaultfiacre.com\/wp-content\/uploads\/2022\/08\/Main_photo_indonesie-2048x1365.jpeg 2048w, https:\/\/www.aventures.thibaultfiacre.com\/wp-content\/uploads\/2022\/08\/Main_photo_indonesie-90x60.jpeg 90w\" sizes=\"auto, (max-width: 1024px) 100vw, 1024px\" \/><\/figure>\n\n\n\n<h2 class=\"has-text-align-center has-medium-font-size wp-block-heading\">Indon\u00e9sie<\/h2>\n\n\n\n<h3 class=\"has-text-align-center has-medium-font-size wp-block-heading\"><strong>2019<\/strong><\/h3>\n\n\n\n<div class=\"wp-block-buttons is-content-justification-center is-layout-flex wp-container-core-buttons-is-layout-16018d1d wp-block-buttons-is-layout-flex\">\n<div class=\"wp-block-button has-custom-font-size has-medium-font-size\"><a class=\"wp-block-button__link has-white-color has-text-color has-background\" style=\"background-color:#17a2b8\">En savoir plus<\/a><\/div>\n<\/div>\n<\/div>\n<\/div>\n","protected":false},"excerpt":{"rendered":"<p>Bienvenue sur notre site ou vous trouverez nos voyages et aventures \u00e0 travers le monde ! Nouvelle Z\u00e9lande 2018-2019 Australie 2019 Indon\u00e9sie 2019<\/p>\n","protected":false},"author":1,"featured_media":0,"parent":0,"menu_order":0,"comment_status":"closed","ping_status":"closed","template":"","meta":{"footnotes":""},"class_list":["post-29","page","type-page","status-publish","hentry"],"_links":{"self":[{"href":"https:\/\/www.aventures.thibaultfiacre.com\/index.php\/wp-json\/wp\/v2\/pages\/29","targetHints":{"allow":["GET"]}}],"collection":[{"href":"https:\/\/www.aventures.thibaultfiacre.com\/index.php\/wp-json\/wp\/v2\/pages"}],"about":[{"href":"https:\/\/www.aventures.thibaultfiacre.com\/index.php\/wp-json\/wp\/v2\/types\/page"}],"author":[{"embeddable":true,"href":"https:\/\/www.aventures.thibaultfiacre.com\/index.php\/wp-json\/wp\/v2\/users\/1"}],"replies":[{"embeddable":true,"href":"https:\/\/www.aventures.thibaultfiacre.com\/index.php\/wp-json\/wp\/v2\/comments?post=29"}],"version-history":[{"count":13,"href":"https:\/\/www.aventures.thibaultfiacre.com\/index.php\/wp-json\/wp\/v2\/pages\/29\/revisions"}],"predecessor-version":[{"id":222,"href":"https:\/\/www.aventures.thibaultfiacre.com\/index.php\/wp-json\/wp\/v2\/pages\/29\/revisions\/222"}],"wp:attachment":[{"href":"https:\/\/www.aventures.thibaultfiacre.com\/index.php\/wp-json\/wp\/v2\/media?parent=29"}],"curies":[{"name":"wp","href":"https:\/\/api.w.org\/{rel}","templated":true}]}}